nd a?
10
Suppose -2*c + 6*c - 80 = 0. Let y = 56 + -6. Calculate the greatest common factor of y and c.
10
Let y be 836/26 - 14/91. Let m be -2 - (-10 - 2/(-1)). Suppose 0 = -m*x + 3*x + 12. What is the highest common factor of y and x?
4
Let t be 12/6 + 4/2. Let n(v) = 6*v - 5 - 2*v**2 - 6*v**2 + t*v**2 + 5*v**2. Let d be n(-8). What is the highest common factor of 44 and d?
11
Suppose -2*l + 24 = 2*l. Let j be (4/3)/(2/l). Suppose 4*x - 2*t - 54 = 0, -6*t + 41 = x - t. Calculate the highest common factor of j and x.
4
Suppose -50 = -4*k + 70. Suppose 30 = -3*w - 2*w. Let t(b) = -b**2 - 6*b + 3. Let a be t(w). What is the greatest common factor of k and a?
3
Let y be (2 - 4) + 3 + 29. Calculate the highest common divisor of y and 12.
6
Let a(d) = 3*d**2 + 4*d - 3. Suppose 0 = 6*l - 5*l - 3. Let f be a(l). Calculate the highest common factor of f and 144.
36
Suppose -480 = 4*a + 2*a. Suppose 412 + 163 = 5*i. Let b = i + a. Calculate the highest common divisor of b and 5.
5
Let g = 61 - 89. Let f be g/(-3)*(-15)/(-10). Let q be 27/1 - (-1 - 0). Calculate the highest common factor of q and f.
14
Suppose 30 = -3*k - 3*i, 4*i + 0*i = 4*k + 16. Let h = 22 + k. What is the greatest common divisor of h and 6?
3
Let a be (-4)/(-26) - (-1122)/(-26). Let b = a - -178. What is the highest common divisor of b and 15?
15
Let t(m) = -m**2 + 9*m + 6. Let j(o) = o**2 - 8*o - 6. Let g(n) = 5*j(n) + 4*t(n). Let l be g(6). Let r = 18 - l. What is the greatest common factor of r and 8?
4
Suppose 0 = 2*k + 2*k - 140. Let l(y) = -13*y + 1. Let w be l(-1). What is the greatest common divisor of w and k?
7
Suppose -2*f + 2 = -i, -2 = -3*i + 6*i - 5*f. Suppose i*v - 4*v = 24. Calculate the greatest common factor of 12 and v.
12
Suppose -4*i + 29 = -27. What is the highest common divisor of 56 and i?
14
Suppose 3*o + o - 460 = 0. Calculate the greatest common divisor of 23 and o.
23
Suppose 2*y + 5*s = -16, 0*s - 2 = 5*y + 3*s. Calculate the greatest common factor of y and 3.
1
Let t be 1/(-2)*-2 + 15. Suppose -5*j = 18 - 58. What is the greatest common factor of t and j?
8
Let s(b) be the second derivative of b**4/12 + b**3/6 - 11*b**2/2 + 4*b. Let l be s(5). Calculate the highest common divisor of 95 and l.
19
Let w be (-1 + 3)*1/(-2). Let n be (-1 - 38)/(w - 0). Suppose -4*t = -n + 7. What is the highest common factor of t and 56?
8
Let a be -11*(-2 - (-2 - -1)). Calculate the greatest common factor of a and 77.
11
Suppose 3*r - 20 = -r. Suppose z = r*z - 16. Suppose z*b - 264 = i + 35, 301 = 4*b + i. What is the highest common factor of b and 30?
15
Suppose w + 46 = 166. Suppose w = 5*x - x. What is the highest common factor of x and 6?
6
Let y be (8/12)/(4/30). Suppose -t + 123 = p, -y*p - t = t - 627. Let v = 274 - p. What is the greatest common divisor of v and 21?
21
Let h(b) = -8*b + 0*b + 0*b - 9 + 6*b. Let j be h(-8). What is the greatest common factor of j and 1?
1
Let p = -180 - -111. Let j = -30 - p. Let y = -18 - -44. Calculate the greatest common divisor of y and j.
13
Suppose 0 = 2*c - 0*c + 20. Let i be (-46)/c + (-4)/(-10). Suppose 45 = 4*w + w + 4*l, -w - 20 = -5*l. Calculate the greatest common divisor of i and w.
5
Let d be 9/6 + 2/4. Suppose -26 = -d*x + x. Suppose -c = c - x. Calculate the highest common factor of c and 65.
13
Let q be (1 - (2 + 6))*-2. Suppose 0 = -5*s + 1 + 4. Suppose -s + 2 = x - 2*n, -x + 19 = 4*n. Calculate the highest common divisor of x and q.
7
Suppose -4*t - 4 = -5*t. Suppose 4*m + t*x - 199 = x, 0 = -2*m - 3*x + 101. Suppose 12 = 4*u - 16. Calculate the greatest common divisor of m and u.
7
Let f = 17 - 0. Suppose 45 - f = 4*m. Calculate the greatest common divisor of 14 and m.
7
Let g = 24 + -20. Calculate the greatest common divisor of 52 and g.
4
Let r(w) = 10*w - 1. Let a be r(2). Let s(c) = 11*c - 2. Let d be s(3). Let p = d - a. What is the greatest common divisor of 30 and p?
6
Suppose 5*z + 5*g - 32 = 53, -3*g = -2*z + 29. Suppose -n = 2*b - 4*b + 35, -5*b + 4*n = -92. What is the highest common divisor of z and b?
16
Let h(c) = -c**2 - c + 12. Let f be h(0). What is the highest common divisor of 132 and f?
12
Suppose 42 - 2 = 2*j. Calculate the highest common divisor of 8 and j.
4
Let g be (-2)/(-9) - 100/(-36). Let c be (-140)/(-21) - (-1)/g. What is the highest common divisor of 28 and c?
7
Suppose -j = 3, -5*v - j - 2*j = -96. Let f(t) = -168*t. Let h be f(-1). What is the greatest common divisor of v and h?
21
Let q(l) = 7*l - 18. Let f be q(9). What is the greatest common factor of f and 9?
9
Let x = -37 - -18. Let o = -3 - x. Calculate the highest common factor of o and 8.
8
Let q(n) = n**2 - 6*n + 10. Let y be q(7). What is the greatest common divisor of 85 and y?
17
Suppose 7 = 2*z - 9. Let i be (-315)/(-20) - (-2)/z. What is the greatest common divisor of i and 32?
16
Suppose 4*d - 390 = -d. Suppose -4*j + d = -j. Suppose j = -2*s + 4*s. What is the greatest common divisor of 91 and s?
13
Let u(g) = -g**2 + 13*g - 6. Let v be u(10). Suppose -5*x = -3*o + 26, 26 = 4*o - 2*o + x. Let i = v - o. What is the greatest common divisor of 96 and i?
12
Suppose 0 = -3*p + 5*x - 25, 6 = -2*p + x - 3*x. Let g = -1 - p. Calculate the greatest common factor of 4 and g.
4
Let l(z) = 40*z + 5. Let d = -3 + 7. Let c be l(d). Calculate the greatest common factor of c and 15.
15
Suppose 9*h - 11*h + 6 = 0. Suppose -h*d + 2*d = -98. Calculate the highest common factor of 14 and d.
14
Suppose 3*b - 51 = -0*b. What is the greatest common divisor of b and 68?
17
Suppose -5*d = -6*d. Suppose -5*a + 660 = -d*a. Let u = -14 + 26. Calculate the highest common divisor of u and a.
12
Let f = 2 + -6. Let q(p) = -20*p - 2. Let v be q(f). What is the highest common divisor of 52 and v?
26
Suppose -2*o = -4*o + 3*y + 14, y - 52 = -5*o. Calculate the greatest common divisor of 40 and o.
10
Let p be ((-6)/(-8))/((-4)/(-128)). Calculate the greatest common divisor of p and 24.
24
Let w(c) = -10*c - 1. Let s be w(-1). Let r be 66/s - (-6)/9. Calculate the greatest common factor of 8 and r.
8
Let q = 4 - 0. Let s(i) = 2*i**3 - 4*i**2 - 2*i + 4. Let j be s(q). Let k be 11 + 0 + -1 + 2. Calculate the greatest common divisor of k and j.
12
Suppose 2*l + 223 = 5*k - 2*l, k = 4*l + 51. What is the highest common divisor of 301 and k?
43
Suppose 3*f - q - 5 = 0, -3*f - 2 = -5*f + 2*q. Suppose v - 4*x = -3, 0 = v + x + f*x - 18. What is the greatest common factor of 27 and v?
9
Let g(t) = -t**3 + 5*t**2 + 2*t + 4. Let z be 2 + 1 - (-5 + 3). Let o be g(z). What is the greatest common factor of o and 14?
14
Let m(q) = -17*q**2 - 3*q + 3. Let o be m(2). Let s = 125 + o. What is the highest common divisor of 18 and s?
18
Suppose 4*w = -3*x + 445, -7*w - 3*x + 557 = -2*w. What is the highest common divisor of w and 16?
16
Let h = 31 - 23. What is the highest common factor of h and 1?
1
Let f = -6 - -6. Suppose -o + 8 + 21 = f. Suppose 5*u - 3*m - o = 0, 0*m + 5*m = 5*u - 25. What is the highest common divisor of 56 and u?
7
Suppose 3*m - 3 = 3. Suppose 5*f + 38 = u - 0*u, -m*f - 8 = 0. Calculate the greatest common divisor of u and 6.
6
Suppose b = 4*t + 123, -b = -5*t - 190 + 70. Calculate the greatest common divisor of b and 15.
15
Let k = -12 - -17. Suppose 0 = -w, -4*p = -k*p + 4*w + 1. What is the greatest common divisor of p and 5?
1
Let h = 13 - 7. Suppose h*r = 3*r + 930. Suppose 86 - r = -4*g. Calculate the greatest common divisor of 7 and g.
7
Let r = 110 + -45. Suppose 0 = -u + 5*u - 20. Suppose -u*h + r = -25. Calculate the greatest common factor of h and 6.
6
Let h be (-3)/((-6)/(-4)) - -41. Let y = -13 + h. Suppose -13 = -3*p + 2*p. Calculate the highest common factor of y and p.
13
Let w be 0/(-4) - (-6)/3. Suppose -232 = -2*p - o, -4*p - p + w*o = -571. Calculate the greatest common divisor of 46 and p.
23
Let x(s) = -16 + 3 - 10*s + 3. Let n be x(-9). Calculate the highest common divisor of 10 and n.
10
Suppose 5*f = -l + 63, 5*f - 25 = -3*l + 34. Suppose 0*k + k - f = 0. What is the greatest common divisor of 13 and k?
13
Let i = -33 + 22. Let o = -6 - i. Let h be (-3)/(-5) + (-2)/(-5). Calculate the highest common factor of o and h.
1
Let p = -143 + 268. Let l be -1*2*(-15)/6. Suppose 0 = -0*i + l*i - p. Calculate the highest 